what is 5 + 313181?
313186
In base 16, what is -656fc90 - -d?
-656fc83
In base 8, what is -1272134 - 35?
-1272171
In base 15, what is 9 + -1da240b?
-1da2402
In base 8, what is -534610142 - -2?
-534610140
In base 7, what is 31622432 - 13?
31622416
In base 5, what is -304433333 + 1132?
-304432201
In base 3, what is -21202202010001122 - 10?
-21202202010001202
In base 16, what is 50e + f9?
607
In base 6, what is -1104240141 + -1?
-1104240142
In base 13, what is 5 - 68cb49?
-68cb44
In base 14, what is -5 + -6a7dc01?
-6a7dc06
In base 10, what is -66815 + -103?
-66918
In base 16, what is 1a + -32950?
-32936
In base 16, what is -7ad5 - -149?
-798c
In base 12, what is 4 - -b43668?
b43670
In base 16, what is 4 + 1572e14?
1572e18
In base 6, what is -1 + -4520301040?
-4520301041
In base 12, what is -37011 - -636?
-36597
In base 13, what is 29a98 + b3?
29b7b
In base 13, what is 1290b1b2 - 0?
1290b1b2
In base 14, what is 12a7a1b - -2?
12a7a1d
In base 7, what is 2231 + -5301?
-3040
In base 10, what is -102 - 7076077?
-7076179
In base 10, what is -249 - 75190?
-75439
In base 9, what is 8 - 34377761?
-34377752
In base 4, what is -23033 + -200031?
-223130
In base 11, what is -611 - 15217?
-15828
In base 5, what is 4330331141 + 1?
4330331142
In base 13, what is -4 - 79b6b37?
-79b6b3b
In base 14, what is 421a5 - 6d?
42136
In base 5, what is 2420044103031 - 10?
2420044103021
In base 14, what is -5801ad + -18?
-5801c7
In base 16, what is -58b4 + 114?
-57a0
In base 2, what is 10000001 + 100001111110111101011?
100001111111001101100
In base 13, what is 28611 + 22?
28633
In base 4, what is -21100121111320 - 1?
-21100121111321
In base 7, what is 0 + 661530442?
661530442
In base 8, what is 13747 + -2413?
11334
In base 3, what is 121211212121112 - -22?
121211212121211
In base 7, what is -244 - 5045150?
-5045424
In base 9, what is -5 + -331028510?
-331028515
In base 10, what is -484998 - 14?
-485012
In base 5, what is -21324 + 434?
-20340
In base 7, what is 2022 - -10414?
12436
In base 6, what is 2 - -441213211?
441213213
In base 9, what is 14748163 - -1?
14748164
In base 12, what is 22 + 2a847?
2a869
In base 8, what is 665744 + 55?
666021
In base 9, what is 3483 + -287231?
-283637
In base 2, what is 100001010100 - 1001001101111?
-101000011011
In base 2, what is 10101101100110110100110 + 1000?
10101101100110110101110
In base 10, what is 518699 - -992?
519691
In base 15, what is -6 + -79aa10?
-79aa16
In base 4, what is -10 - -1213210022300?
1213210022230
In base 9, what is 427762 - -7?
427770
In base 15, what is -3 + 13e3e6?
13e3e3
In base 16, what is -3 + -71ba23?
-71ba26
In base 9, what is 67138 - 7218?
58820
In base 7, what is 5011 + 15556?
23600
In base 16, what is 17 - 167b87?
-167b70
In base 2, what is -1 - -11000010011001111011000?
11000010011001111010111
In base 14, what is 2b - 1dd923?
-1dd8d6
In base 3, what is 20120110002 + 122211?
20121002220
In base 9, what is 2 - 3072548?
-3072546
In base 15, what is -39ab6 + 7ed?
-392b8
In base 5, what is 332 - 124123102?
-124122220
In base 6, what is -20 + 30250153?
30250133
In base 4, what is -2123211133110312 - 10?
-2123211133110322
In base 6, what is 11213 - -200442?
212055
In base 16, what is 82 + 2e78?
2efa
In base 11, what is a0aa560 - 5?
a0aa556
In base 14, what is -19b0 - 69c?
-226c
In base 6, what is -400 - 220301005?
-220301405
In base 13, what is -3a51 - 4ac5?
-8846
In base 3, what is 11 + 111201110222?
111201111010
In base 9, what is -134 + 3207236?
3207102
In base 14, what is 69 + -8250?
-81c5
In base 6, what is 322 - 50351423?
-50351101
In base 16, what is 23 + -350a3?
-35080
In base 8, what is -174337 - -276?
-174041
In base 9, what is -135848 - -1662?
-134176
In base 13, what is ba0a270 + 5?
ba0a275
In base 7, what is 56 + 25606560?
25606646
In base 8, what is 34322 + -10400?
23722
In base 3, what is -2021020112222 + -20?
-2021020120012
In base 11, what is 814906 + 186?
814a91
In base 16, what is 7ffa48 - 3?
7ffa45
In base 9, what is -2 + -23712262?
-23712264
In base 8, what is 423 - -65132?
65555
In base 12, what is 20 + -19238?
-19218
In base 7, what is 31534 - -3660?
35524
In base 5, what is -13304120232 - -1?
-13304120231
In base 8, what is 61765 + -37?
61726
In base 10, what is -668972 - -6?
-668966
In base 4, what is 2320 - -1113121313?
1113130233
In base 2, what is 11111100110 - 101101100110?
-1110000000
In base 15, what is 0 + 1c0beec3?
1c0beec3
In base 5, what is -3 + -13412441422?
-13412441430
In base 9, what is 208 - -37733?
38042
In base 11, what is 1000 + 6748?
7748
In base 5, what is -112440 + 131423?
13433
In base 13, what is -1049022 - 1?
-1049023
In base 3, what is -2012002011111 + -110011?
-2012002121122
In base 6, what is -2 + 4203405554?
4203405552
In base 14, what is -153833 - 340?
-153b73
In base 10, what is -9967759 - 2?
-9967761
In base 3, what is -2221202202110 + -101?
-2221202202211
In base 16, what is 6c7 + -104f?
-988
In base 4, what is -223 + 10031200201?
10031133312
In base 4, what is -2003 - 310113310?
-310121313
In base 14, what is -304d1 + -1a42?
-32133
In base 16, what is -29 + 15a7a2?
15a779
In base 13, what is -20 - 885a1?
-885c1
In base 16, what is 3abe + 1e32?
58f0
In base 4, what is 30221 + -100030121?
-33333300
In base 13, what is 1cb19 + -542?
1c5a7
In base 13, what is -41 - 18b02a?
-18b06b
In base 2, what is 100001 - 10011101001010111?
-10011101000110110
In base 15, what is -1a + -190889?
-1908a4
In base 12, what is -834a + -354?
-86a2
In base 8, what is -2 - -7263161?
7263157
In base 9, what is 38251 - 470?
37671
In base 2, what is 1011011001101 - 111010011001?
100000110100
In base 6, what is -433335004251 - -4?
-433335004243
In base 2, what is 1110001101110 + 111000000011?
10101001110001
In base 8, what is 323300 + -2455?
320623
In base 6, what is -412 + -43421?
-44233
In base 2, what is -11 + -1011010001011011001010?
-1011010001011011001101
In base 10, what is -647254 - 19?
-647273
In base 6, what is 1043313324 - -4?
1043313332
In base 5, what is -12303024344 + -3?
-12303024402
In base 15, what is 41b + -5697?
-527b
In base 4, what is 12323 + 21101111?
21120100
In base 15, what is 466e3 + -5b?
46687
In base 10, what is -97387 + -17?
-97404
In base 15, what is -bee3 + -13e?
-c132
In base 10, what is -13 - -806268?
806255
In base 15, what is 30 + 271d5?
27215
In base 10, what is 2379265 - 16?
2379249
In base 13, what is -25 + 7521?
74c9
In base 2, what is -110100010000010011010110 - 111?
-110100010000010011011101
In base 2, what is 10000101111001111 + 10000100100?
10000111111110011
In base 12, what is -4234a - -301?
-42049
In base 2, what is 1010001100011010000 - 1010001?
1010001100001111111
In base 9, what is -42400077 - -4?
-42400073
In base 15, what is -11cc - 1786?
-2963
In base 8, what is -5 - -4125652?
4125645
In base 11, what is -4 + 30a232?
30a229
In base 3, what is -12 + -20111000122012110?
-20111000122012122
In base 15, what is 54 - -29ab8?
29b1c
In base 9, what is -6 - 41028383?
-41028400
In base 12, what is -4 - -b27330?
b27328
In base 2, what is -10011010101100101100 - 11001?
-10011010101101000101
In base 3, what is -11 + 1021211001112000?
1021211001111212
In base 15, what is 12307d5 - -5?
12307da
In base 3, what is -110011000210 - 1?
-110011000211
In base 3, what is 120 + 11020111110201?
11020111111021
In base 2, what is -11000 - 1010000100000001110101001?
-1010000100000001111000001
In base 11, what is -3845a6 + 46?
-384560
In base 3, what is -2200001 - -20002120210?
12222220202
In base 2, what is -1100010100001101 - -10010?
-1100010011111011
In base 12, what is 80263 - 1b?
80244
In base 10, what is 75930004 - -1?
75930005
In base 7, what is -2004 + 25036?
23032
In base 11, what is 18217 - 2222?
15aa5
In base 14, what is c4c4 + 1367?
d84b
In base 9, what is 4 - 3163732?
-3163727
In base 6, what is -4304 + -1331431?
-1340135
In base 3, what is 11 + 2202211202221?
2202211210002
In base 10, what is -5594578 - 3?
-5594581
In base 12, what is -1 + -156a708?
-156a709
In base 13, what is 28238a2 + -1?
28238a1
In base 9, what is 367561 + 2?
367563
In base 6, what is 5000302 + -1?
5000301
In base 15, what is 27c7 - -1db17?
213de
In base 13, what is -4 - -61458?
61454
In base 10, what is 8 - 448480?
-448472
In base 6, what is -1240 + 1541212?
1535532
In base